 divided by 216.
5
What is the remainder when 324 is divided by 65?
64
Calculate the remainder when 771 is divided by 41.
33
What is the remainder when 1563 is divided by 60?
3
Calculate the remainder when 730 is divided by 70.
30
What is the remainder when 302 is divided by 83?
53
Calculate the remainder when 90 is divided by 33.
24
Calculate the remainder when 48 is divided by 19.
10
What is the remainder when 87 is divided by 4?
3
Calculate the remainder when 278 is divided by 56.
54
What is the remainder when 362 is divided by 105?
47
Calculate the remainder when 185 is divided by 27.
23
Calculate the remainder when 340 is divided by 327.
13
Calculate the remainder when 173 is divided by 7.
5
What is the remainder when 139 is divided by 14?
13
Calculate the remainder when 129 is divided by 129.
0
What is the remainder when 4775 is divided by 149?
7
What is the remainder when 181 is divided by 62?
57
What is the remainder when 4111 is divided by 11?
8
Calculate the remainder when 58 is divided by 29.
0
What is the remainder when 605 is divided by 69?
53
Calculate the remainder when 51 is divided by 21.
9
Calculate the remainder when 749 is divided by 18.
11
What is the remainder when 95 is divided by 26?
17
Calculate the remainder when 9281 is divided by 26.
25
What is the remainder when 60 is divided by 29?
2
Calculate the remainder when 540 is divided by 55.
45
Calculate the remainder when 10064 is divided by 373.
366
What is the remainder when 337 is divided by 116?
105
Calculate the remainder when 723 is divided by 39.
21
What is the remainder when 276 is divided by 9?
6
What is the remainder when 2447 is divided by 35?
32
Calculate the remainder when 430 is divided by 210.
10
What is the remainder when 278 is divided by 78?
44
Calculate the remainder when 181 is divided by 34.
11
What is the remainder when 4273 is divided by 19?
17
Calculate the remainder when 37 is divided by 2.
1
What is the remainder when 644 is divided by 90?
14
Calculate the remainder when 288 is divided by 138.
12
What is the remainder when 28308 is divided by 298?
296
What is the remainder when 1529 is divided by 153?
152
Calculate the remainder when 30 is divided by 12.
6
Calculate the remainder when 237 is divided by 23.
7
Calculate the remainder when 112 is divided by 32.
16
Calculate the remainder when 91 is divided by 18.
1
What is the remainder when 5779 is divided by 49?
46
What is the remainder when 500 is divided by 190?
120
What is the remainder when 248 is divided by 9?
5
Calculate the remainder when 6158 is divided by 5.
3
Calculate the remainder when 64 is divided by 4.
0
Calculate the remainder when 4638 is divided by 51.
48
What is the remainder when 106 is divided by 12?
10
Calculate the remainder when 170 is divided by 57.
56
What is the remainder when 126 is divided by 3?
0
What is the remainder when 2918 is divided by 43?
37
What is the remainder when 313 is divided by 32?
25
Calculate the remainder when 1681 is divided by 24.
1
What is the remainder when 1789 is divided by 595?
4
Calculate the remainder when 152 is divided by 38.
0
Calculate the remainder when 2036 is divided by 15.
11
What is the remainder when 1714 is divided by 78?
76
Calculate the remainder when 5031 is divided by 34.
33
Calculate the remainder when 297 is divided by 15.
12
Calculate the remainder when 11232 is divided by 53.
49
Calculate the remainder when 165 is divided by 45.
30
Calculate the remainder when 49 is divided by 34.
15
Calculate the remainder when 14489 is divided by 15.
14
Calculate the remainder when 76959 is divided by 148.
147
What is the remainder when 104 is divided by 18?
14
What is the remainder when 1499 is divided by 19?
17
What is the remainder when 2048 is divided by 108?
104
What is the remainder when 144 is divided by 69?
6
Calculate the remainder when 74 is divided by 6.
2
Calculate the remainder when 2158 is divided by 60.
58
Calculate the remainder when 557 is divided by 4.
1
Calculate the remainder when 151 is divided by 109.
42
Calculate the remainder when 3776 is divided by 943.
4
What is the remainder when 401 is divided by 101?
98
What is the remainder when 572 is divided by 18?
14
What is the remainder when 96 is divided by 36?
24
Calculate the remainder when 265 is divided by 135.
130
What is the remainder when 1729 is divided by 572?
13
Calculate the remainder when 220 is divided by 46.
36
Calculate the remainder when 1302 is divided by 109.
103
Calculate the remainder when 1106 is divided by 89.
38
Calculate the remainder when 71 is divided by 20.
11
Calculate the remainder when 84 is divided by 11.
7
Calculate the remainder when 2152 is divided by 14.
10
Calculate the remainder when 53 is divided by 21.
11
What is the remainder when 3271 is divided by 1629?
13
What is the remainder when 6693 is divided by 51?
12
Calculate the remainder when 3859 is divided by 322.
317
What is the remainder when 782 is divided by 98?
96
Calculate the remainder when 990 is divided by 329.
3
Calculate the remainder when 950 is divided by 125.
75
What is the remainder when 6157 is divided by 39?
34
What is the remainder when 228 is divided by 33?
30
What is the remainder when 9124 is divided by 31?
10
What is the remainder when 164 is divided by 161?
3
Calculate the remainder when 1429 is divided by 53.
51
What is the remainder when 2478 is divided by 31?
29
What is the remainder when 160 is divided by 6?
4
What is the remainder when 381 is divided by 49?
38
Calculate the remainder when 51 is divided by 32.
19
What is the remainder when 373 is divided by 71?
18
What is the remainder when 371 is divided by 11?
8
What is the remainder when 449 is divided by 41?
39
What is the remainder when 1201 is divided by 338?
187
What is the remainder when 125 is divided by 51?
23
Calculate the remainder when 349 is divided by 39.
37
What is the remainder when 27 is divided by 17?
10
What is the remainder when 401 is divided by 45?
41
What is the remainder when 185 is divided by 7?
3
Calculate the remainder when 349 is divided by 32.
29
What is the remainder when 126 is divided by 16?
14
What is the remainder when 1954 is divided by 17?
16
What is the remainder when 77 is divided by 27?
23
Calculate the remainder when 1685 is divided by 46.
29
What is the remainder when 589 is divided by 4?
1
What is the remainder when 9394 is divided by 29?
27
What is the remainder when 9144 is divided by 155?
154
What is the remainder when 860 is divided by 41?
40
Calculate the remainder when 310 is divided by 143.
24
Calculate the remainder when 157 is divided by 38.
5
What is the remainder when 1467 is divided by 70?
67
What is the remainder when 1980 is divided by 14?
6
Calculate the remainder when 1100 is divided by 29.
27
Calculate the remainder when 8758 is divided by 19.
18
Calculate the remainder when 4881 is divided by 89.
75
Calculate the remainder when 733 is divided by 46.
43
Calculate the remainder when 4882 is divided by 37.
35
What is the remainder when 6361 is divided by 21?
19
Calculate the remainder when 287 is divided by 268.
19
Calculate the remainder when 11245 is divided by 16.
13
Calculate the remainder when 548 is divided by 266.
16
Calculate the remainder when 6366 is divided by 13.
9
What is the remainder when 641 is divided by 12?
5
Calculate the remainder when 65 is divided by 19.
8
Calculate the remainder when 575 is divided by 17.
14
What is the remainder when 163 is divided by 58?
47
Calculate the remainder when 201 is divided by 12.
9
Calculate the remainder when 121 is divided by 25.
21
What is the remainder when 853 is divided by 220?
193
Calculate the remainder when 88 is divided by 49.
39
Calculate the remainder when 89 is divided by 33.
23
Calculate the remainder when 137 is divided by 7.
4
Calculate the remainder when 842 is divided by 264.
50
Calculate the remainder when 559 is divided by 113.
107
Calculate the remainder when 19 is divided by 1.
0
What is the remainder when 238 is divided by 18?
4
Calculate the remainder when 5116 is divided by 343.
314
Calculate the remainder when 33 is divided by 24.
9
What is the remainder when 472 is divided by 5?
2
Calculate the remainder when 127 is divided by 87.
40
What is the remainder when 205